{"id":13267,"date":"2017-11-12T18:11:33","date_gmt":"2017-11-12T18:11:33","guid":{"rendered":"https:\/\/sitgeshosting.com\/diseno-web\/?page_id=13267"},"modified":"2024-06-02T10:49:12","modified_gmt":"2024-06-02T10:49:12","slug":"quiene-somos","status":"publish","type":"page","link":"https:\/\/sitgeshosting.com\/diseno-web\/quiene-somos\/","title":{"rendered":"Quiene Somos"},"content":{"rendered":"<div id=\"pl-13267\" class=\"panel-layout\">\n<div id=\"pg-13267-0\" class=\"panel-grid panel-has-style\" data-style=\"{&quot;cell_alignment&quot;:&quot;flex-start&quot;,&quot;align&quot;:&quot;&quot;,&quot;overlay&quot;:&quot;&quot;,&quot;overlay_color&quot;:&quot;#000000&quot;}\">\n<div class=\"panel-row-style panel-row-style-for-13267-0\" style=\"padding: 100px 0;\" data-overlay=\"true\" data-overlay-color=\"#000000\">\n<div id=\"pgc-13267-0-0\" class=\"panel-grid-cell\" data-weight=\"1\">\n<div id=\"panel-13267-0-0-0\" class=\"so-panel widget widget_sow-editor panel-first-child panel-last-child\" data-index=\"0\" data-style=\"{&quot;background_image_attachment&quot;:false,&quot;background_display&quot;:&quot;tile&quot;,&quot;content_alignment&quot;:&quot;left&quot;,&quot;title_color&quot;:&quot;#443f3f&quot;,&quot;headings_color&quot;:&quot;#443f3f&quot;}\">\n<div class=\"panel-widget-style panel-widget-style-for-13267-0-0-0\" style=\"text-align: left;\" data-title-color=\"#443f3f\" data-headings-color=\"#443f3f\">\n<div class=\"so-widget-sow-editor so-widget-sow-editor-base\">\n<div class=\"siteorigin-widget-tinymce textwidget\"><img decoding=\"async\" class=\"alignnone size-full wp-image-13523\" src=\"https:\/\/sitgeshosting.com\/diseno-web\/wp-content\/uploads\/2018\/01\/logo-sitges-hosting-300x86.png\" alt=\"\" width=\"300\" height=\"86\" srcset=\"https:\/\/sitgeshosting.com\/diseno-web\/wp-content\/uploads\/2018\/01\/logo-sitges-hosting-300x86.png 300w, https:\/\/sitgeshosting.com\/diseno-web\/wp-content\/uploads\/2018\/01\/logo-sitges-hosting-300x86-230x66.png 230w\" sizes=\"(max-width: 300px) 100vw, 300px\" \/><strong>Dominio , Hosting y Desarrolllos completos de entornos webs<\/strong><\/p>\n<p>Sitgeshosting es una empresa asentada en Sitges desde 1997, trabajamos con empresas y particulares de Sitges y sus alrededores<\/p>\n<div class=\"et-box et-info\">\n<div class=\"et-box-content\">\n<p>Creamos dominios y hosting para las futuras webs de nuestros clientes , desarrollamos, programamos y dise\u00f1amos paginas webs.<\/p>\n<p>Si hoy d\u00eda su empresa no cuenta con un dominio y un hosting para sus e-mails junto con un entorno web adecuado, puede estar seguro de que est\u00e1 perdiendo potenciales clientes.<\/p>\n<\/div>\n<\/div>\n<p>Tener una pagina web no siempre genera ventas directas pero si genera muchas oportunidades de negocio ya que los datos de sus productos estar\u00e1n disponibles a todo hora y en cualquier lugar. \u00a1Incluso en varios idiomas!<\/p>\n<p>Tener presencia en Internet hoy lo es todo, las paginas web se han convertido en el primer contacto cliente-empresa y por eso es tan importante que la pagina web sea de alta calidad reflejando la imagen de la empresa.<\/p>\n<div class=\"et-box et-info\">\n<div class=\"et-box-content\">\u00a0Hay que tener en cuenta que si su dise\u00f1o es poco atractivo, es dise\u00f1o fuera de moda, tiene errores de c\u00f3digo, im\u00e1genes de poca calidad, (etc.) puede estar generando una impresi\u00f3n negativa en sus potenciales clientes por lo que su pagina web termina representando un gasto injustificado para su empresa; de nada sirve tener una pagina web si esta no cumple con su cometido principal: Generar ventas y transmitir una imagen corporativa positiva.<\/div>\n<\/div>\n<p>Por eso, cuando se decida por obtener una pagina web o por mejorar la que ya tiene, contrate profesionales con conocimientos actualizados y experiencia; no se deje convencer por la infinidad de aficionados o empresas sin escr\u00fapulos que le prometer\u00e1n el \u00e9xito total y solo le entregar\u00e1n \u201cespejos de colores\u201d<\/p>\n<p>Contratenos, descubrir\u00e1 que somos los profesionales id\u00f3neos para desarrollar, programar, dise\u00f1ar, optimizar y\/o posicionar su pagina web<\/p>\n<h3>\u00bfPor qu\u00e9 elegir a Sitgeshosting?<\/h3>\n<p>Sitgeshosting es una pujante empresa especializada en dise\u00f1o y desarrollo de entornos webs con clientes satisfechos en todo Espa\u00f1a. Adem\u00e1s, tambi\u00e9n ofrece una gran gama de servicios web complementarios que le ayudaran a explotar al m\u00e1ximo el potencial latente de su pagina web.<\/p>\n<p>Sitgeshosting naci\u00f3 en 1997, como un emprendimiento personal de Ernesto Fuhrmann, Arquitecto especializado en Informatica y desarrollos on-line.<\/p>\n<p>Hoy d\u00eda Sitgeshosting est\u00e1 formada por un equipo de j\u00f3venes, apasionados como \u00e9l, especializados en dise\u00f1o web, desarrollo web y posicionamiento web, y que cuentan con todos los conocimientos, capacidades y experiencia que usted necesita para que se cumplan sus expectativas.<\/p>\n<p>Nuestra pol\u00edtica siempre fue y ser\u00e1 la de ofrecer un servicio \u00fanico y diferencial, orientado a su completa satisfacci\u00f3n y a la de sus clientes; entreg\u00e1ndonos por completo en cada proyecto, siempre en un marco de respeto y cumplimiento, tratando constantemente de ofrecer lo mejor de nosotros mismos.<\/p>\n<p>Por \u00faltimo, nuestro objetivo principal en Sitgeshosting es seguir sumando clientes satisfechos, creando para ellos productos que cumplan con sus expectativas y que le generen nuevos clientes. Nosotros creemos que la mejor forma de conseguir nuevos clientes es cuando un cliente satisfecho con nuestro trabajo nos recomienda a sus amigos o compa\u00f1eros profesionales.<\/p>\n<p><strong>Empresa:<\/strong> Sitges PC \u2013 Sitgeshosting<br \/>\n<strong>Telefono:<\/strong> (+34) 938 111 046<br \/>\n<strong>Movil:<\/strong> (+34) 678 445 830<br \/>\n<strong>Skype:<\/strong> sitgespc<br \/>\n<strong>eMail:<\/strong> info@sitgeshosting.com<br \/>\n<strong>MSN:<\/strong> sitgespcsat@hotmail.com<\/p>\n<p><strong>Titular:<\/strong> EFCOM FORMACIO I COMUNICACIO SL<br \/>\n<strong>CIF:<\/strong> B61869962<br \/>\n<strong>Domicilio:<\/strong><br \/>\nP\u00ba Vilafranca 17 Local 61,<br \/>\nSitges 08870 \u2013 Barcelona Spain<\/p>\n<h3>Sitgeshosting Team<\/h3>\n<dl>\n<dt><\/dt>\n<dt>Ernesto Fuhrmann<\/dt>\n<dd><strong>Gerente<\/strong><br \/>\n<em>\u201cDirijo la empresa de Soluciones Inform\u00e1ticas Globales en donde nos especializamos en desarrollos webs Soy Gerente y Jefe Departamento de Coordinaci\u00f3n desarrollos web\u201d<\/em><\/dd>\n<dt><\/dt>\n<dt>Sophie Collomb<\/dt>\n<dd><strong>Responsable Dept. Administracion<\/strong><br \/>\n<em>\u201cMe encargo de la Administraci\u00f3n y gesti\u00f3n de la empresa como as\u00ed tambien de los Recursos humanos y relaci\u00f3n directa con clientes\u201d<\/em><\/dd>\n<dt><\/dt>\n<dt>Mois\u00e9s Urpi<\/dt>\n<dd><strong>Responsable Dept. Tecnico y redes<\/strong><br \/>\n<em>\u201cSoy el responsable del Departamento T\u00e9cnico coordinando las Redes internas de unos 10 ordenadores en Mac OX\u00a0 y windows como tambien doy Soporte t\u00e9cnico a clientes on line y v\u00eda tel\u00e9fono.\u201d<\/em><\/dd>\n<\/dl>\n<\/div>\n<\/div>\n<\/div>\n<\/div>\n<\/div>\n<\/div>\n<\/div>\n<\/div>\n","protected":false},"excerpt":{"rendered":"<p>Dominio , Hosting y Desarrolllos completos de entornos webs Sitgeshosting es una empresa asentada en Sitges desde 1997, trabajamos con empresas y [&hellip;]<\/p>\n","protected":false},"author":1,"featured_media":0,"parent":0,"menu_order":0,"comment_status":"closed","ping_status":"closed","template":"","meta":{"footnotes":""},"class_list":["post-13267","page","type-page","status-publish","hentry"],"yoast_head":"<!-- This site is optimized with the Yoast SEO plugin v25.9 - https:\/\/yoast.com\/wordpress\/plugins\/seo\/ -->\n<title>Quiene Somos - Dise\u00f1o de webs en Sitges<\/title>\n<meta name=\"robots\" content=\"index, follow, max-snippet:-1, max-image-preview:large, max-video-preview:-1\" \/>\n<link rel=\"canonical\" href=\"https:\/\/sitgeshosting.com\/diseno-web\/quiene-somos\/\" \/>\n<meta property=\"og:locale\" content=\"es_ES\" \/>\n<meta property=\"og:type\" content=\"article\" \/>\n<meta property=\"og:title\" content=\"Quiene Somos - Dise\u00f1o de webs en Sitges\" \/>\n<meta property=\"og:description\" content=\"Dominio , Hosting y Desarrolllos completos de entornos webs Sitgeshosting es una empresa asentada en Sitges desde 1997, trabajamos con empresas y [&hellip;]\" \/>\n<meta property=\"og:url\" content=\"https:\/\/sitgeshosting.com\/diseno-web\/quiene-somos\/\" \/>\n<meta property=\"og:site_name\" content=\"Dise\u00f1o de webs en Sitges\" \/>\n<meta property=\"article:modified_time\" content=\"2024-06-02T10:49:12+00:00\" \/>\n<meta property=\"og:image\" content=\"https:\/\/sitgeshosting.com\/diseno-web\/wp-content\/uploads\/2018\/01\/logo-sitges-hosting-300x86.png\" \/>\n<meta name=\"twitter:card\" content=\"summary_large_image\" \/>\n<meta name=\"twitter:label1\" content=\"Tiempo de lectura\" \/>\n\t<meta name=\"twitter:data1\" content=\"4 minutos\" \/>\n<script type=\"application\/ld+json\" class=\"yoast-schema-graph\">{\"@context\":\"https:\/\/schema.org\",\"@graph\":[{\"@type\":\"WebPage\",\"@id\":\"https:\/\/sitgeshosting.com\/diseno-web\/quiene-somos\/\",\"url\":\"https:\/\/sitgeshosting.com\/diseno-web\/quiene-somos\/\",\"name\":\"Quiene Somos - Dise\u00f1o de webs en Sitges\",\"isPartOf\":{\"@id\":\"https:\/\/sitgeshosting.com\/diseno-web\/#website\"},\"primaryImageOfPage\":{\"@id\":\"https:\/\/sitgeshosting.com\/diseno-web\/quiene-somos\/#primaryimage\"},\"image\":{\"@id\":\"https:\/\/sitgeshosting.com\/diseno-web\/quiene-somos\/#primaryimage\"},\"thumbnailUrl\":\"https:\/\/sitgeshosting.com\/diseno-web\/wp-content\/uploads\/2018\/01\/logo-sitges-hosting-300x86.png\",\"datePublished\":\"2017-11-12T18:11:33+00:00\",\"dateModified\":\"2024-06-02T10:49:12+00:00\",\"breadcrumb\":{\"@id\":\"https:\/\/sitgeshosting.com\/diseno-web\/quiene-somos\/#breadcrumb\"},\"inLanguage\":\"es\",\"potentialAction\":[{\"@type\":\"ReadAction\",\"target\":[\"https:\/\/sitgeshosting.com\/diseno-web\/quiene-somos\/\"]}]},{\"@type\":\"ImageObject\",\"inLanguage\":\"es\",\"@id\":\"https:\/\/sitgeshosting.com\/diseno-web\/quiene-somos\/#primaryimage\",\"url\":\"https:\/\/sitgeshosting.com\/diseno-web\/wp-content\/uploads\/2018\/01\/logo-sitges-hosting-300x86.png\",\"contentUrl\":\"https:\/\/sitgeshosting.com\/diseno-web\/wp-content\/uploads\/2018\/01\/logo-sitges-hosting-300x86.png\"},{\"@type\":\"BreadcrumbList\",\"@id\":\"https:\/\/sitgeshosting.com\/diseno-web\/quiene-somos\/#breadcrumb\",\"itemListElement\":[{\"@type\":\"ListItem\",\"position\":1,\"name\":\"Portada\",\"item\":\"https:\/\/sitgeshosting.com\/diseno-web\/\"},{\"@type\":\"ListItem\",\"position\":2,\"name\":\"Quiene Somos\"}]},{\"@type\":\"WebSite\",\"@id\":\"https:\/\/sitgeshosting.com\/diseno-web\/#website\",\"url\":\"https:\/\/sitgeshosting.com\/diseno-web\/\",\"name\":\"Dise\u00f1o de webs en Sitges\",\"description\":\"678445830 - Marqueting SEO-SEM\",\"publisher\":{\"@id\":\"https:\/\/sitgeshosting.com\/diseno-web\/#organization\"},\"potentialAction\":[{\"@type\":\"SearchAction\",\"target\":{\"@type\":\"EntryPoint\",\"urlTemplate\":\"https:\/\/sitgeshosting.com\/diseno-web\/?s={search_term_string}\"},\"query-input\":{\"@type\":\"PropertyValueSpecification\",\"valueRequired\":true,\"valueName\":\"search_term_string\"}}],\"inLanguage\":\"es\"},{\"@type\":\"Organization\",\"@id\":\"https:\/\/sitgeshosting.com\/diseno-web\/#organization\",\"name\":\"EFCOM S.L.\",\"url\":\"https:\/\/sitgeshosting.com\/diseno-web\/\",\"logo\":{\"@type\":\"ImageObject\",\"inLanguage\":\"es\",\"@id\":\"https:\/\/sitgeshosting.com\/diseno-web\/#\/schema\/logo\/image\/\",\"url\":\"https:\/\/sitgeshosting.com\/diseno-web\/wp-content\/uploads\/2018\/01\/logo-sitges-hosting-300x86.png\",\"contentUrl\":\"https:\/\/sitgeshosting.com\/diseno-web\/wp-content\/uploads\/2018\/01\/logo-sitges-hosting-300x86.png\",\"width\":300,\"height\":86,\"caption\":\"EFCOM S.L.\"},\"image\":{\"@id\":\"https:\/\/sitgeshosting.com\/diseno-web\/#\/schema\/logo\/image\/\"}}]}<\/script>\n<!-- \/ Yoast SEO plugin. -->","yoast_head_json":{"title":"Quiene Somos - Dise\u00f1o de webs en Sitges","robots":{"index":"index","follow":"follow","max-snippet":"max-snippet:-1","max-image-preview":"max-image-preview:large","max-video-preview":"max-video-preview:-1"},"canonical":"https:\/\/sitgeshosting.com\/diseno-web\/quiene-somos\/","og_locale":"es_ES","og_type":"article","og_title":"Quiene Somos - Dise\u00f1o de webs en Sitges","og_description":"Dominio , Hosting y Desarrolllos completos de entornos webs Sitgeshosting es una empresa asentada en Sitges desde 1997, trabajamos con empresas y [&hellip;]","og_url":"https:\/\/sitgeshosting.com\/diseno-web\/quiene-somos\/","og_site_name":"Dise\u00f1o de webs en Sitges","article_modified_time":"2024-06-02T10:49:12+00:00","og_image":[{"url":"https:\/\/sitgeshosting.com\/diseno-web\/wp-content\/uploads\/2018\/01\/logo-sitges-hosting-300x86.png","type":"","width":"","height":""}],"twitter_card":"summary_large_image","twitter_misc":{"Tiempo de lectura":"4 minutos"},"schema":{"@context":"https:\/\/schema.org","@graph":[{"@type":"WebPage","@id":"https:\/\/sitgeshosting.com\/diseno-web\/quiene-somos\/","url":"https:\/\/sitgeshosting.com\/diseno-web\/quiene-somos\/","name":"Quiene Somos - Dise\u00f1o de webs en Sitges","isPartOf":{"@id":"https:\/\/sitgeshosting.com\/diseno-web\/#website"},"primaryImageOfPage":{"@id":"https:\/\/sitgeshosting.com\/diseno-web\/quiene-somos\/#primaryimage"},"image":{"@id":"https:\/\/sitgeshosting.com\/diseno-web\/quiene-somos\/#primaryimage"},"thumbnailUrl":"https:\/\/sitgeshosting.com\/diseno-web\/wp-content\/uploads\/2018\/01\/logo-sitges-hosting-300x86.png","datePublished":"2017-11-12T18:11:33+00:00","dateModified":"2024-06-02T10:49:12+00:00","breadcrumb":{"@id":"https:\/\/sitgeshosting.com\/diseno-web\/quiene-somos\/#breadcrumb"},"inLanguage":"es","potentialAction":[{"@type":"ReadAction","target":["https:\/\/sitgeshosting.com\/diseno-web\/quiene-somos\/"]}]},{"@type":"ImageObject","inLanguage":"es","@id":"https:\/\/sitgeshosting.com\/diseno-web\/quiene-somos\/#primaryimage","url":"https:\/\/sitgeshosting.com\/diseno-web\/wp-content\/uploads\/2018\/01\/logo-sitges-hosting-300x86.png","contentUrl":"https:\/\/sitgeshosting.com\/diseno-web\/wp-content\/uploads\/2018\/01\/logo-sitges-hosting-300x86.png"},{"@type":"BreadcrumbList","@id":"https:\/\/sitgeshosting.com\/diseno-web\/quiene-somos\/#breadcrumb","itemListElement":[{"@type":"ListItem","position":1,"name":"Portada","item":"https:\/\/sitgeshosting.com\/diseno-web\/"},{"@type":"ListItem","position":2,"name":"Quiene Somos"}]},{"@type":"WebSite","@id":"https:\/\/sitgeshosting.com\/diseno-web\/#website","url":"https:\/\/sitgeshosting.com\/diseno-web\/","name":"Dise\u00f1o de webs en Sitges","description":"678445830 - Marqueting SEO-SEM","publisher":{"@id":"https:\/\/sitgeshosting.com\/diseno-web\/#organization"},"potentialAction":[{"@type":"SearchAction","target":{"@type":"EntryPoint","urlTemplate":"https:\/\/sitgeshosting.com\/diseno-web\/?s={search_term_string}"},"query-input":{"@type":"PropertyValueSpecification","valueRequired":true,"valueName":"search_term_string"}}],"inLanguage":"es"},{"@type":"Organization","@id":"https:\/\/sitgeshosting.com\/diseno-web\/#organization","name":"EFCOM S.L.","url":"https:\/\/sitgeshosting.com\/diseno-web\/","logo":{"@type":"ImageObject","inLanguage":"es","@id":"https:\/\/sitgeshosting.com\/diseno-web\/#\/schema\/logo\/image\/","url":"https:\/\/sitgeshosting.com\/diseno-web\/wp-content\/uploads\/2018\/01\/logo-sitges-hosting-300x86.png","contentUrl":"https:\/\/sitgeshosting.com\/diseno-web\/wp-content\/uploads\/2018\/01\/logo-sitges-hosting-300x86.png","width":300,"height":86,"caption":"EFCOM S.L."},"image":{"@id":"https:\/\/sitgeshosting.com\/diseno-web\/#\/schema\/logo\/image\/"}}]}},"_links":{"self":[{"href":"https:\/\/sitgeshosting.com\/diseno-web\/wp-json\/wp\/v2\/pages\/13267","targetHints":{"allow":["GET"]}}],"collection":[{"href":"https:\/\/sitgeshosting.com\/diseno-web\/wp-json\/wp\/v2\/pages"}],"about":[{"href":"https:\/\/sitgeshosting.com\/diseno-web\/wp-json\/wp\/v2\/types\/page"}],"author":[{"embeddable":true,"href":"https:\/\/sitgeshosting.com\/diseno-web\/wp-json\/wp\/v2\/users\/1"}],"replies":[{"embeddable":true,"href":"https:\/\/sitgeshosting.com\/diseno-web\/wp-json\/wp\/v2\/comments?post=13267"}],"version-history":[{"count":4,"href":"https:\/\/sitgeshosting.com\/diseno-web\/wp-json\/wp\/v2\/pages\/13267\/revisions"}],"predecessor-version":[{"id":14271,"href":"https:\/\/sitgeshosting.com\/diseno-web\/wp-json\/wp\/v2\/pages\/13267\/revisions\/14271"}],"wp:attachment":[{"href":"https:\/\/sitgeshosting.com\/diseno-web\/wp-json\/wp\/v2\/media?parent=13267"}],"curies":[{"name":"wp","href":"https:\/\/api.w.org\/{rel}","templated":true}]}}