{"id":13279,"date":"2017-11-12T18:29:54","date_gmt":"2017-11-12T18:29:54","guid":{"rendered":"https:\/\/sitgeshosting.com\/diseno-web\/?page_id=13279"},"modified":"2017-11-12T18:29:54","modified_gmt":"2017-11-12T18:29:54","slug":"who-is-privado","status":"publish","type":"page","link":"https:\/\/sitgeshosting.com\/diseno-web\/who-is-privado\/","title":{"rendered":"Who is privado"},"content":{"rendered":"<div id=\"pl-13279\"  class=\"panel-layout\" >\n<div id=\"pg-13279-0\"  class=\"panel-grid panel-has-style\"  data-style=\"{&quot;cell_alignment&quot;:&quot;flex-start&quot;,&quot;align&quot;:&quot;&quot;,&quot;background_image&quot;:false,&quot;overlay&quot;:&quot;&quot;,&quot;overlay_color&quot;:&quot;#000000&quot;}\" >\n<div style=\"padding: 100px 0; \" data-overlay=\"true\" data-overlay-color=\"#000000\" class=\"panel-row-style panel-row-style-for-13279-0\" >\n<div id=\"pgc-13279-0-0\"  class=\"panel-grid-cell\"  data-weight=\"1\" >\n<div id=\"panel-13279-0-0-0\" class=\"so-panel widget widget_sow-editor panel-first-child panel-last-child\" data-index=\"0\" data-style=\"{&quot;background_image_attachment&quot;:false,&quot;background_display&quot;:&quot;tile&quot;,&quot;content_alignment&quot;:&quot;left&quot;,&quot;title_color&quot;:&quot;#443f3f&quot;,&quot;headings_color&quot;:&quot;#443f3f&quot;}\" >\n<div style=\"text-align: left;\" data-title-color=\"#443f3f\" data-headings-color=\"#443f3f\" class=\"panel-widget-style panel-widget-style-for-13279-0-0-0\" >\n<div class=\"so-widget-sow-editor so-widget-sow-editor-base\">\n<div class=\"siteorigin-widget-tinymce textwidget\">\n<h3>Sus datos personales aparecen en Internet!<\/h3>\n<p>Oculte los datos de titularidad de sus dominios con\u00a0<strong>Whois Privado<\/strong>\u00a0y evite el spam y otros contactos no deseados<\/p>\n<p>\u00bb Proteja ya su identidad en Internet<\/p>\n<h3>Whois Privado<\/h3>\n<p>\u00bfSe ha preguntado alguna vez por qu\u00e9 recibe informaci\u00f3n que no ha solicitado por tel\u00e9fono, email o correo postal?<\/p>\n<p>Cuando usted registra un dominio, ICANN (m\u00e1xima entidad internacional que gestiona la asignaci\u00f3n de nombres de dominios) le exige que los datos publicados est\u00e9n en una base de datos p\u00fablica, accesible a trav\u00e9s del directorio WHOIS, y que sean reales. De lo contrario, puede perder su dominio.<\/p>\n<p>Sin embargo, muchas empresas utilizan esta informaci\u00f3n p\u00fablica (su nombre, email, tel\u00e9fono, direcci\u00f3n\u2026) para enviar publicidad no solicitada: spam, telemarketing, suplantaci\u00f3n de identidad, data mining, acoso, vulneraci\u00f3n de privacidad\u2026<\/p>\n<p>\u00bfC\u00f3mo evitarlo? El servicio de Protecci\u00f3n de identidad (Whois Privado) de\u00a0<strong>sitgeshosting<\/strong>\u00a0le permitir\u00e1 proteger los datos personales que aparecen en el directorio WHOIS:<\/p>\n<ul>\n<li>Ocultaci\u00f3n de su nombre como titular del dominio.<\/li>\n<li>Protecci\u00f3n de su correo electr\u00f3nico.<\/li>\n<li>Protecci\u00f3n de su n\u00famero de tel\u00e9fono.<\/li>\n<li>Protecci\u00f3n de su direcci\u00f3n postal.<\/li>\n<\/ul>\n<h3>Whois Privado<\/h3>\n<p>\u00bfSe ha preguntado alguna vez por qu\u00e9 recibe informaci\u00f3n que no ha solicitado por tel\u00e9fono, email o correo postal?<\/p>\n<p>Cuando usted registra un dominio, ICANN (m\u00e1xima entidad internacional que gestiona la asignaci\u00f3n de nombres de dominios) le exige que los datos publicados est\u00e9n en una base de datos p\u00fablica, accesible a trav\u00e9s del directorio WHOIS, y que sean reales. De lo contrario, puede perder su dominio.<\/p>\n<p>Sin embargo, muchas empresas utilizan esta informaci\u00f3n p\u00fablica (su nombre, email, tel\u00e9fono, direcci\u00f3n\u2026) para enviar publicidad no solicitada: spam, telemarketing, suplantaci\u00f3n de identidad, data mining, acoso, vulneraci\u00f3n de privacidad\u2026<\/p>\n<p>\u00bfC\u00f3mo evitarlo? El servicio de Protecci\u00f3n de identidad (Whois Privado) de\u00a0<strong>Sitgeshosting<\/strong>\u00a0le permitir\u00e1 proteger los datos personales que aparecen en el directorio WHOIS:<\/p>\n<ul>\n<li>Ocultaci\u00f3n de su nombre como titular del dominio.<\/li>\n<li>Protecci\u00f3n de su correo electr\u00f3nico.<\/li>\n<li>Protecci\u00f3n de su n\u00famero de tel\u00e9fono.<\/li>\n<li>Protecci\u00f3n de su direcci\u00f3n postal.<\/li>\n<\/ul>\n<\/div>\n<\/div>\n<\/div>\n<\/div>\n<\/div>\n<\/div>\n<\/div>\n<\/div>\n","protected":false},"excerpt":{"rendered":"<p>Sus datos personales aparecen en Internet! Oculte los datos de titularidad de sus dominios con\u00a0Whois Privado\u00a0y evite el spam y otros contactos [&hellip;]<\/p>\n","protected":false},"author":1,"featured_media":0,"parent":0,"menu_order":0,"comment_status":"closed","ping_status":"closed","template":"","meta":{"footnotes":""},"class_list":["post-13279","page","type-page","status-publish","hentry"],"yoast_head":"<!-- This site is optimized with the Yoast SEO plugin v25.9 - https:\/\/yoast.com\/wordpress\/plugins\/seo\/ -->\n<title>Who is privado - Dise\u00f1o de webs en Sitges<\/title>\n<meta name=\"robots\" content=\"index, follow, max-snippet:-1, max-image-preview:large, max-video-preview:-1\" \/>\n<link rel=\"canonical\" href=\"https:\/\/sitgeshosting.com\/diseno-web\/who-is-privado\/\" \/>\n<meta property=\"og:locale\" content=\"es_ES\" \/>\n<meta property=\"og:type\" content=\"article\" \/>\n<meta property=\"og:title\" content=\"Who is privado - Dise\u00f1o de webs en Sitges\" \/>\n<meta property=\"og:description\" content=\"Sus datos personales aparecen en Internet! Oculte los datos de titularidad de sus dominios con\u00a0Whois Privado\u00a0y evite el spam y otros contactos [&hellip;]\" \/>\n<meta property=\"og:url\" content=\"https:\/\/sitgeshosting.com\/diseno-web\/who-is-privado\/\" \/>\n<meta property=\"og:site_name\" content=\"Dise\u00f1o de webs en Sitges\" \/>\n<meta name=\"twitter:card\" content=\"summary_large_image\" \/>\n<meta name=\"twitter:label1\" content=\"Tiempo de lectura\" \/>\n\t<meta name=\"twitter:data1\" content=\"2 minutos\" \/>\n<script type=\"application\/ld+json\" class=\"yoast-schema-graph\">{\"@context\":\"https:\/\/schema.org\",\"@graph\":[{\"@type\":\"WebPage\",\"@id\":\"https:\/\/sitgeshosting.com\/diseno-web\/who-is-privado\/\",\"url\":\"https:\/\/sitgeshosting.com\/diseno-web\/who-is-privado\/\",\"name\":\"Who is privado - Dise\u00f1o de webs en Sitges\",\"isPartOf\":{\"@id\":\"https:\/\/sitgeshosting.com\/diseno-web\/#website\"},\"datePublished\":\"2017-11-12T18:29:54+00:00\",\"breadcrumb\":{\"@id\":\"https:\/\/sitgeshosting.com\/diseno-web\/who-is-privado\/#breadcrumb\"},\"inLanguage\":\"es\",\"potentialAction\":[{\"@type\":\"ReadAction\",\"target\":[\"https:\/\/sitgeshosting.com\/diseno-web\/who-is-privado\/\"]}]},{\"@type\":\"BreadcrumbList\",\"@id\":\"https:\/\/sitgeshosting.com\/diseno-web\/who-is-privado\/#breadcrumb\",\"itemListElement\":[{\"@type\":\"ListItem\",\"position\":1,\"name\":\"Portada\",\"item\":\"https:\/\/sitgeshosting.com\/diseno-web\/\"},{\"@type\":\"ListItem\",\"position\":2,\"name\":\"Who is privado\"}]},{\"@type\":\"WebSite\",\"@id\":\"https:\/\/sitgeshosting.com\/diseno-web\/#website\",\"url\":\"https:\/\/sitgeshosting.com\/diseno-web\/\",\"name\":\"Dise\u00f1o de webs en Sitges\",\"description\":\"678445830 - Marqueting SEO-SEM\",\"publisher\":{\"@id\":\"https:\/\/sitgeshosting.com\/diseno-web\/#organization\"},\"potentialAction\":[{\"@type\":\"SearchAction\",\"target\":{\"@type\":\"EntryPoint\",\"urlTemplate\":\"https:\/\/sitgeshosting.com\/diseno-web\/?s={search_term_string}\"},\"query-input\":{\"@type\":\"PropertyValueSpecification\",\"valueRequired\":true,\"valueName\":\"search_term_string\"}}],\"inLanguage\":\"es\"},{\"@type\":\"Organization\",\"@id\":\"https:\/\/sitgeshosting.com\/diseno-web\/#organization\",\"name\":\"EFCOM S.L.\",\"url\":\"https:\/\/sitgeshosting.com\/diseno-web\/\",\"logo\":{\"@type\":\"ImageObject\",\"inLanguage\":\"es\",\"@id\":\"https:\/\/sitgeshosting.com\/diseno-web\/#\/schema\/logo\/image\/\",\"url\":\"https:\/\/sitgeshosting.com\/diseno-web\/wp-content\/uploads\/2018\/01\/logo-sitges-hosting-300x86.png\",\"contentUrl\":\"https:\/\/sitgeshosting.com\/diseno-web\/wp-content\/uploads\/2018\/01\/logo-sitges-hosting-300x86.png\",\"width\":300,\"height\":86,\"caption\":\"EFCOM S.L.\"},\"image\":{\"@id\":\"https:\/\/sitgeshosting.com\/diseno-web\/#\/schema\/logo\/image\/\"}}]}<\/script>\n<!-- \/ Yoast SEO plugin. -->","yoast_head_json":{"title":"Who is privado - Dise\u00f1o de webs en Sitges","robots":{"index":"index","follow":"follow","max-snippet":"max-snippet:-1","max-image-preview":"max-image-preview:large","max-video-preview":"max-video-preview:-1"},"canonical":"https:\/\/sitgeshosting.com\/diseno-web\/who-is-privado\/","og_locale":"es_ES","og_type":"article","og_title":"Who is privado - Dise\u00f1o de webs en Sitges","og_description":"Sus datos personales aparecen en Internet! Oculte los datos de titularidad de sus dominios con\u00a0Whois Privado\u00a0y evite el spam y otros contactos [&hellip;]","og_url":"https:\/\/sitgeshosting.com\/diseno-web\/who-is-privado\/","og_site_name":"Dise\u00f1o de webs en Sitges","twitter_card":"summary_large_image","twitter_misc":{"Tiempo de lectura":"2 minutos"},"schema":{"@context":"https:\/\/schema.org","@graph":[{"@type":"WebPage","@id":"https:\/\/sitgeshosting.com\/diseno-web\/who-is-privado\/","url":"https:\/\/sitgeshosting.com\/diseno-web\/who-is-privado\/","name":"Who is privado - Dise\u00f1o de webs en Sitges","isPartOf":{"@id":"https:\/\/sitgeshosting.com\/diseno-web\/#website"},"datePublished":"2017-11-12T18:29:54+00:00","breadcrumb":{"@id":"https:\/\/sitgeshosting.com\/diseno-web\/who-is-privado\/#breadcrumb"},"inLanguage":"es","potentialAction":[{"@type":"ReadAction","target":["https:\/\/sitgeshosting.com\/diseno-web\/who-is-privado\/"]}]},{"@type":"BreadcrumbList","@id":"https:\/\/sitgeshosting.com\/diseno-web\/who-is-privado\/#breadcrumb","itemListElement":[{"@type":"ListItem","position":1,"name":"Portada","item":"https:\/\/sitgeshosting.com\/diseno-web\/"},{"@type":"ListItem","position":2,"name":"Who is privado"}]},{"@type":"WebSite","@id":"https:\/\/sitgeshosting.com\/diseno-web\/#website","url":"https:\/\/sitgeshosting.com\/diseno-web\/","name":"Dise\u00f1o de webs en Sitges","description":"678445830 - Marqueting SEO-SEM","publisher":{"@id":"https:\/\/sitgeshosting.com\/diseno-web\/#organization"},"potentialAction":[{"@type":"SearchAction","target":{"@type":"EntryPoint","urlTemplate":"https:\/\/sitgeshosting.com\/diseno-web\/?s={search_term_string}"},"query-input":{"@type":"PropertyValueSpecification","valueRequired":true,"valueName":"search_term_string"}}],"inLanguage":"es"},{"@type":"Organization","@id":"https:\/\/sitgeshosting.com\/diseno-web\/#organization","name":"EFCOM S.L.","url":"https:\/\/sitgeshosting.com\/diseno-web\/","logo":{"@type":"ImageObject","inLanguage":"es","@id":"https:\/\/sitgeshosting.com\/diseno-web\/#\/schema\/logo\/image\/","url":"https:\/\/sitgeshosting.com\/diseno-web\/wp-content\/uploads\/2018\/01\/logo-sitges-hosting-300x86.png","contentUrl":"https:\/\/sitgeshosting.com\/diseno-web\/wp-content\/uploads\/2018\/01\/logo-sitges-hosting-300x86.png","width":300,"height":86,"caption":"EFCOM S.L."},"image":{"@id":"https:\/\/sitgeshosting.com\/diseno-web\/#\/schema\/logo\/image\/"}}]}},"_links":{"self":[{"href":"https:\/\/sitgeshosting.com\/diseno-web\/wp-json\/wp\/v2\/pages\/13279","targetHints":{"allow":["GET"]}}],"collection":[{"href":"https:\/\/sitgeshosting.com\/diseno-web\/wp-json\/wp\/v2\/pages"}],"about":[{"href":"https:\/\/sitgeshosting.com\/diseno-web\/wp-json\/wp\/v2\/types\/page"}],"author":[{"embeddable":true,"href":"https:\/\/sitgeshosting.com\/diseno-web\/wp-json\/wp\/v2\/users\/1"}],"replies":[{"embeddable":true,"href":"https:\/\/sitgeshosting.com\/diseno-web\/wp-json\/wp\/v2\/comments?post=13279"}],"version-history":[{"count":0,"href":"https:\/\/sitgeshosting.com\/diseno-web\/wp-json\/wp\/v2\/pages\/13279\/revisions"}],"wp:attachment":[{"href":"https:\/\/sitgeshosting.com\/diseno-web\/wp-json\/wp\/v2\/media?parent=13279"}],"curies":[{"name":"wp","href":"https:\/\/api.w.org\/{rel}","templated":true}]}}